90)). Suppose 0 = -5*k - 2 + u. List the prime factors of k.
2
Suppose 4*y - 61 = 67. Suppose 3*v - 2*i = 7, -2*v = 2*v + 3*i - y. Suppose v*k = 60 - 15. What are the prime factors of k?
3
Let m be (-32)/12*(-3)/2. Suppose 3*q + 11 = 2*d, -15 = -2*d - d + m*q. Suppose -17 = -2*l + b, 2*b = 3*b + d. What are the prime factors of l?
2
Suppose -2*m + 88 = 5*s, 5*s + m = 2*m + 76. Let k = -5 + s. List the prime factors of k.
11
Suppose -3*b - 13 = -2*c + 216, -342 = -3*c + 5*b. List the prime factors of c.
7, 17
Let q(m) = 3*m - 14. List the prime factors of q(6).
2
Let y be (2/(-4))/((-1)/2). What are the prime factors of ((1 - -2) + 8)*y?
11
Suppose 4*y - 62 = -2*g, -4*g + 89 = -3*y + 9. What are the prime factors of g - (-6 + 3 + 2)?
2, 3
Suppose -72 = 4*y - 8*y. Let x(k) = k**3 + 23*k**2 - k + 3. Let w be x(-23). Let g = w - y. List the prime factors of g.
2
Let r(m) = -9*m + 2 + 2*m - 2*m + 0*m. What are the prime factors of r(-1)?
11
Suppose -p + v + 63 = 5*v, 4*p + v = 297. List the prime factors of p.
3, 5
Let y = 0 + 0. Suppose y = x - 2*f - 30, -24 = x - 2*x - f. Suppose g - 22 = 3*o, 4*g - 12 = 2*o + x. What are the prime factors of g?
7
Let p be 9/(4/(-6) - -1). Suppose -3 - p = -5*d - 2*z, -d - z = -6. What are the prime factors of d?
2, 3
Suppose 2137 = 6*k + 613. What are the prime factors of k?
2, 127
Let p(f) = -f + 14. Let l be 1 - (-2)/(6/(-33)). List the prime factors of p(l).
2, 3
Suppose -6*i + d = -3*i - 14, 3*i + 5*d = 20. Suppose -i*j + r + 47 = -62, 3*r = -j + 9. What are the prime factors of j?
3, 7
Let r be 7/2*12/14. Let o = r + 32. List the prime factors of o.
5, 7
List the prime factors of (0 - -60)/(6/8).
2, 5
Let b = 9 + 20. List the prime factors of b.
29
Suppose 0 = -4*o - 4*l + 56, -2*o - 5*l + 24 = -4*l. Suppose 3*g + 2*g = o. Let s = 9 - g. List the prime factors of s.
7
Let d = 17 + 25. List the prime factors of d.
2, 3, 7
Let y(t) = 6*t. Let p be y(-1). Let v(r) = -4*r - 8. Let m be v(p). Suppose s = -3*s + m. What are the prime factors of s?
2
Let y be ((-21)/14)/((-2)/4). Suppose y*s - m = 16, 4*s + 23 = 8*s - 3*m. What are the prime factors of s?
5
Let n(o) = -4*o**2 - o. Let u(g) = 9*g**2 + 3*g. Let p(h) = -7*n(h) - 3*u(h). Let l be p(3). List the prime factors of 2 + 21/l + -1.
2
Let d(u) = -2*u + 14. Let r be d(6). Suppose 0 = -5*g + 2*k + 95, -g - r*k + 0*k + 19 = 0. List the prime factors of g.
19
Let m(v) = -v**3 + 6*v**2 + 8*v - 2. Let w be m(7). Suppose w*s + 13 = -4*h, 4*s - 5*s - 2 = h. Let t = 10 + s. What are the prime factors of t?
5
Suppose -j + 20 = -3. Let l = 38 - j. Suppose 3*s - l = -0. What are the prime factors of s?
5
Let x(g) = -g**3 + 10*g**2 + 8*g - 11. What are the prime factors of x(10)?
3, 23
Let l be (30/(-8))/(2/(-16)). Suppose -c - l = -6*c. List the prime factors of c.
2, 3
Let q(h) be the first derivative of -h**2/2 + h - 1. Suppose -3*f = -f - w + 3, -4*w - 14 = 5*f. List the prime factors of q(f).
3
Suppose z = 123 + 71. List the prime factors of z.
2, 97
Let k = -14 + 17. What are the prime factors of k?
3
Suppose 2*o + 3 = 5*o, -4*o - 11 = -3*z. Suppose 2*i = -z*x - 8 + 1, -2*x - 1 = i. What are the prime factors of i?
3
Let h(p) = -p**3 - 4*p**2 + 3*p - 7. Let d be h(-5). Suppose -5*w + 3*n + 56 = -n, d*w = 5*n + 31. What are the prime factors of w?
2, 3
Suppose 0 = 2*l - 5*l + 21. What are the prime factors of l + 4/2 - 2?
7
Let o(q) = q + 7. Let g be o(-6). Let x be 2/(-3) + (-14)/(-3). Suppose x*s + g = 41. List the prime factors of s.
2, 5
Let k(g) = 6*g + 4 + 6*g**2 - 3 - g**3 + 2*g**3. Let y be k(-4). List the prime factors of (-4)/18 + 74/y.
2
Let b(f) be the second derivative of f**6/120 + f**5/15 - f**4/24 - f**2 + 2*f. Let i(a) be the first derivative of b(a). List the prime factors of i(-3).
2, 3
Let u be -4 + 3 - 6*-1. Suppose u*q - 6*d = -d + 125, -d = -5*q + 113. List the prime factors of q.
2, 11
Suppose 3*c + 41 = -43. Let u = -4 - c. What are the prime factors of u?
2, 3
Let j(z) be the third derivative of z**5/12 - z**4/12 - z**3/6 - 4*z**2. List the prime factors of j(-1).
2, 3
Let r(t) = t + 1. Let v be r(7). Let n(k) = 2*k + 10. What are the prime factors of n(v)?
2, 13
Suppose -264 = -m - 2*m. Suppose 6*u - 2*u = m. Let q = -12 + u. List the prime factors of q.
2, 5
Let i = 11 - 9. Suppose -4*t = i*s - 18, s - 3*t - 91 = -3*s. List the prime factors of s.
19
Let j = -43 + 31. Let u = 20 - j. List the prime factors of u.
2
List the prime factors of 14*(6 + (-162)/(-12)).
3, 7, 13
Let x = 0 + 5. Suppose d - 5*o - 31 = 0, x*o - 72 - 77 = -4*d. List the prime factors of d.
2, 3
Let c = -4 - -3. What are the prime factors of ((-7)/(-2))/(c/(-2))?
7
Suppose -12 = 5*h - 2. What are the prime factors of -19*((-1)/(-1) + h)?
19
Let g(v) = 2*v**2 - 2*v + 3. Let o be g(-3). Suppose -f = -3*c - 18, 5*f - 6 = c - 0. What are the prime factors of (-4)/c*o/6?
3
Let m(b) = -2*b - 2 + 5 + 3*b + 3. Let q be m(10). Suppose 5*p - 5*a = -0*a - 10, q = -2*p + 5*a. What are the prime factors of p?
2
Let y(o) = -o**3 - 4*o**2 + 3*o - 4. Suppose 2*i - 3*i - 5 = 0. List the prime factors of y(i).
2, 3
Let l(a) = -a - 2. Let p be l(-4). Suppose -p*k = -k - 5. List the prime factors of k.
5
Let y = 0 - 16. Let a = y + 23. Suppose -h + 2*h = a. What are the prime factors of h?
7
Suppose 0 = -2*v - d + 565, 3*v - 3*d - 870 = -0*d. What are the prime factors of 2/3*v/10?
19
What are the prime factors of 61 + -5 + 3 + -4?
5, 11
Let c(w) = 68*w**3 + 2*w**2 - 1. List the prime factors of c(1).
3, 23
Suppose 11*i = 16*i - 75. List the prime factors of (258/9)/(10/i).
43
Suppose 0*q = -3*q + 12. Suppose -4*y = -q, 3*y + 2 = -g + 27. What are the prime factors of g?
2, 11
Let s(d) = -d + 5. Let p be s(6). Let i be 3 + 0*p/1. Suppose 2*r + i*r - 60 = 0. What are the prime factors of r?
2, 3
Let h(a) = 2*a**2 - 6*a - 6. Let y be (-60)/(-18)*(-3)/(-2). What are the prime factors of h(y)?
2, 7
Suppose 4*b - b = -3*t + 69, b - 4 = 0. Suppose -5*c = u - t, 8*u - 39 = 3*u + 3*c. What are the prime factors of u?
3
Let u be 4/10 + (-7)/5. Let k be (-2)/(-6) - u/(-3). Suppose k = -2*o - 4*t + 22, -3*o + t + 12 = -0. List the prime factors of o.
5
Let s(l) = -3*l + 5. List the prime factors of s(-3).
2, 7
Suppose 3*u - p = -0*p + 12, 6 = 2*p. Suppose -u*c = -c - 12. Suppose 4 = -c*j + 4*j. What are the prime factors of j?
2
Let a = -305 + 558. List the prime factors of a.
11, 23
Let n = 124 - 88. What are the prime factors of n?
2, 3
Suppose -7*f = -10*f + 30. What are the prime factors of f?
2, 5
Let m(o) = 2*o**2 - 4*o - 1. Let r be m(3). Suppose -r*v = -v. Suppose 3*t = -2*u - v*u + 11, -t + 5*u = -32. What are the prime factors of t?
7
Suppose 0*z = -5*z + 10. Let n(s) = -s + s + s**z + 7 + 4*s. What are the prime factors of n(-5)?
2, 3
Suppose -10 = 3*s + 41. Let b = 33 + s. What are the prime factors of b?
2
Let m = 22 + -11. Let h(p) = p**2 - 10*p - 7. Let z be h(12). Let g = z - m. What are the prime factors of g?
2, 3
Suppose 5*r - r = -8. Let y = 0 - 3. List the prime factors of 8 + 1/(y - r).
7
Let q(w) = 5*w**2 + 5*w + 10. List the prime factors of q(-5).
2, 5, 11
Suppose 0 = s - 3*s + 5*i - 4, -s + i + 4 = 0. Let x = 12 - s. What are the prime factors of x?
2
Let o(v) = 2*v - 3. Let f be o(5). Suppose 0 = -9*c + f*c + 26. List the prime factors of c.
13
Let g(l) = -l**3 + 7*l**2 - 7*l + 6. Let i be g(6). Suppose 8*b - 11*b + 81 = i. What are the prime factors of b?
3
List the prime factors of 1/(-6)*-4 + (-460)/(-12).
3, 13
Let r = -6 - -8. What are the prime factors of ((-2)/r)/((-1)/8)?
2
Let a = 75 + -42. Let o = a + -16. What are the prime factors of o?
17
Let b be 2/(-4) + 30/(-4). Let t(w) = -w**2 + w. Let r(j) = -j**2 + 10*j + 7. Let o(n) = r(n) - 2*t(n). What are the prime factors of o(b)?
7
Let a = 134 - 83. Suppose -33 = -2*f - 3*m, -5*m + 2*m + a = 4*f. Suppose f = b + 2*q, -5*q = -4*b - 5 + 2. List the prime factors of b.
3
Let p = 33 + -7. Suppose u + u = p. List the prime factors of u.
13
Let z(h) = h**3 - h**2 + h + 2. Let w be z(2). Let r(i) = i + 9. What are the prime factors of r(w)?
17
Let h(y) = -y**3 + 4*y**2 - 4*y + 4. Let q be h(3). What are the prime factors of (70/5)/(q - -1)?
7
Let y be (-62)/(-5) + 6/(-15). Let g be 4/(-6) + 28/6. Suppose g*k - y = 